{"id":4,"date":"2013-06-09T13:03:38","date_gmt":"2013-06-09T12:03:38","guid":{"rendered":"http:\/\/romans.charrazac.fr\/wordpress\/?page_id=4"},"modified":"2024-10-21T16:04:54","modified_gmt":"2024-10-21T15:04:54","slug":"page-2","status":"publish","type":"page","link":"https:\/\/romans.charrazac.fr\/wordpress\/","title":{"rendered":"CATALOGUE"},"content":{"rendered":"<p><a href=\"https:\/\/romans.charrazac.fr\/wordpress\/?page_id=461\" target=\"_blank\" rel=\"attachment wp-att-450 noopener noreferrer\"><img loading=\"lazy\" decoding=\"async\" class=\"alignleft wp-image-450\" src=\"https:\/\/romans.charrazac.fr\/wordpress\/wp-content\/uploads\/2017\/05\/esvp_couv1-210x300.jpg\" alt=\"Et si... vous pouviez ?\" width=\"333\" height=\"476\" srcset=\"https:\/\/romans.charrazac.fr\/wordpress\/wp-content\/uploads\/2017\/05\/esvp_couv1-210x300.jpg 210w, https:\/\/romans.charrazac.fr\/wordpress\/wp-content\/uploads\/2017\/05\/esvp_couv1.jpg 671w\" sizes=\"auto, (max-width: 333px) 100vw, 333px\" \/><\/a><strong>ET SI&#8230; VOUS POUVIEZ ?<\/strong><br \/>\n<em>Roman fantastique d&rsquo;anticipation<\/em><\/p>\n<p>INDISPONIBLE \u00c0 LA VENTE<\/p>\n<p>POUR LE MOMENT<\/p>\n<p style=\"text-align: center;\"><a href=\"https:\/\/romans.charrazac.fr\/wordpress\/?page_id=461\">d\u00e9tails<\/a><\/p>\n<h2>CATALOGUE GRATUIT<\/h2>\n<p><a href=\"https:\/\/romans.charrazac.fr\/wordpress\/?page_id=37\"><img loading=\"lazy\" decoding=\"async\" class=\"alignleft wp-image-120 size-full\" src=\"https:\/\/romans.charrazac.fr\/wordpress\/wp-content\/uploads\/2013\/07\/ladjj1_couv1_ss.jpg\" alt=\"ladjj1_couv1_ss\" width=\"120\" height=\"170\" \/><\/a><strong>STA<\/strong><strong>R W<\/strong><strong>ARS : LES AVENTURES D&rsquo;UNE JEUNE JEDI<br \/>\n<\/strong> Tome 1 : \u00ab\u00a0LE CERCLE SOMBRE\u00a0\u00bb<a href=\"https:\/\/romans.charrazac.fr\/wordpress\/wp-content\/uploads\/2013\/06\/SWUEditions.png\"><img loading=\"lazy\" decoding=\"async\" class=\"alignright wp-image-325\" src=\"https:\/\/romans.charrazac.fr\/wordpress\/wp-content\/uploads\/2013\/06\/SWUEditions-300x206.png\" alt=\"SWUEditions\" width=\"149\" height=\"103\" srcset=\"https:\/\/romans.charrazac.fr\/wordpress\/wp-content\/uploads\/2013\/06\/SWUEditions-300x206.png 300w, https:\/\/romans.charrazac.fr\/wordpress\/wp-content\/uploads\/2013\/06\/SWUEditions.png 500w\" sizes=\"auto, (max-width: 149px) 100vw, 149px\" \/><\/a><\/p>\n<p>438 pages Format A5<br \/>\n<em>(\u00e9q. 670 pages format \u00ab\u00a0Pocket\u00a0\u00bb)<\/em><br \/>\n<em><a href=\"http:\/\/www.starwars-universe.com\/actu-9670-font-color-r339966-maj-j3-le-cercle-sombre-par-hiivsha.html\" target=\"_blank\" rel=\"noopener noreferrer\">Publi\u00e9 sur STAR WARS UNIVERSE<\/a><\/em><br \/>\n<a title=\"STAR WARS \u2013 LES AVENTURES D\u2019UNE JEUNE JEDI \u2013 TOME 1 : LE CERCLE SOMBRE\" href=\"https:\/\/romans.charrazac.fr\/wordpress\/?page_id=37\">d\u00e9tails et t\u00e9l\u00e9chargement<\/a><\/p>\n<p><a href=\"https:\/\/romans.charrazac.fr\/wordpress\/?page_id=58\" target=\"_blank\" rel=\"noopener noreferrer\"><img loading=\"lazy\" decoding=\"async\" class=\"alignleft wp-image-120\" title=\"L'Eau de l'oubli\" src=\"https:\/\/romans.charrazac.fr\/wordpress\/wp-content\/uploads\/2013\/06\/ladjj2_couv1_s.jpg\" alt=\"L'Eau de l'oubli - couverture\" width=\"120\" height=\"170\" align=\"top\" \/><\/a><strong>STAR WARS : LES AVENTURES D&rsquo;UNE JEUNE JEDI<\/strong><br \/>\nTome 2 : \u00ab\u00a0L&rsquo;EAU DE L&rsquo;OUBLI\u00a0\u00bb<a href=\"https:\/\/romans.charrazac.fr\/wordpress\/wp-content\/uploads\/2013\/06\/SWUEditions.png\"><img loading=\"lazy\" decoding=\"async\" class=\"alignright wp-image-325\" src=\"https:\/\/romans.charrazac.fr\/wordpress\/wp-content\/uploads\/2013\/06\/SWUEditions-300x206.png\" alt=\"SWUEditions\" width=\"149\" height=\"103\" srcset=\"https:\/\/romans.charrazac.fr\/wordpress\/wp-content\/uploads\/2013\/06\/SWUEditions-300x206.png 300w, https:\/\/romans.charrazac.fr\/wordpress\/wp-content\/uploads\/2013\/06\/SWUEditions.png 500w\" sizes=\"auto, (max-width: 149px) 100vw, 149px\" \/><\/a><\/p>\n<p>634 pages Format A5<br \/>\n<em>(\u00e9q. 1038 pages format \u00ab\u00a0Pocket\u00a0\u00bb)<\/em><br \/>\n<em> <a href=\"http:\/\/www.starwars-universe.com\/actu-12101-l-eau-de-l-oubli-par-hiivsha.html\" target=\"_blank\" rel=\"noopener noreferrer\">Publi\u00e9 sur STAR WARS UNIVERSE<\/a><\/em><br \/>\n<a title=\"STAR WARS \u2013 LES AVENTURES D\u2019UNE JEUNE JEDI \u2013 TOME 2 : L\u2019EAU DE L\u2019OUBLI\" href=\"https:\/\/romans.charrazac.fr\/wordpress\/?page_id=58\">d\u00e9tails et t\u00e9l\u00e9chargement<\/a><\/p>\n<p><a href=\"https:\/\/romans.charrazac.fr\/wordpress\/?page_id=207\" target=\"_blank\" rel=\"noopener noreferrer\"><img loading=\"lazy\" decoding=\"async\" class=\"alignleft wp-image-120\" title=\"\u00c0 mort le Defiance !\" src=\"https:\/\/romans.charrazac.fr\/wordpress\/wp-content\/uploads\/2014\/01\/ladjj3_couv1_s.jpg\" alt=\"\u00c0 mort le Defiance ! - couverture\" width=\"120\" height=\"170\" align=\"top\" \/><\/a><strong>STAR WARS : LES AVENTURES D&rsquo;UNE JEUNE JEDI<\/strong><br \/>\nTome 3 : \u00ab\u00a0\u00c0 MORT LE <i>DEFIANCE<\/i> !\u00a0\u00bb<a href=\"https:\/\/romans.charrazac.fr\/wordpress\/wp-content\/uploads\/2013\/06\/SWUEditions.png\"><img loading=\"lazy\" decoding=\"async\" class=\"alignright wp-image-325\" src=\"https:\/\/romans.charrazac.fr\/wordpress\/wp-content\/uploads\/2013\/06\/SWUEditions-300x206.png\" alt=\"SWUEditions\" width=\"149\" height=\"103\" srcset=\"https:\/\/romans.charrazac.fr\/wordpress\/wp-content\/uploads\/2013\/06\/SWUEditions-300x206.png 300w, https:\/\/romans.charrazac.fr\/wordpress\/wp-content\/uploads\/2013\/06\/SWUEditions.png 500w\" sizes=\"auto, (max-width: 149px) 100vw, 149px\" \/><\/a><\/p>\n<p>514 <em>pages Format A5<\/em><br \/>\n<em>\u00a0<em>(\u00e9q. 836 pages format \u00ab\u00a0Pocket\u00a0\u00bb)<\/em><\/em><br \/>\n<em> <a href=\"http:\/\/www.starwars-universe.com\/actu-12224-mort-au-defiance-par-hiivsha.html\" target=\"_blank\" rel=\"noopener noreferrer\">Publi\u00e9 sur STAR WARS UNIVERSE<\/a><\/em><br \/>\n<a title=\"STAR WARS \u2013 LES AVENTURES D\u2019UNE JEUNE JEDI \u2013 TOME 3 : \u00c0 MORT LE DEFIANCE !\" href=\"https:\/\/romans.charrazac.fr\/wordpress\/?page_id=207\">d\u00e9tails et t\u00e9l\u00e9chargement<\/a><\/p>\n<p><a href=\"https:\/\/romans.charrazac.fr\/wordpress\/?page_id=69\" target=\"_blank\" rel=\"https:\/\/romans.charrazac.fr\/wordpress\/wp-content\/uploads\/2014\/05\/ladqv1_couv1.jpg noopener noreferrer\"><img loading=\"lazy\" decoding=\"async\" class=\"alignleft wp-image-256\" title=\"Les Loups du Vanaheim\" src=\"https:\/\/romans.charrazac.fr\/wordpress\/wp-content\/uploads\/2014\/05\/ladqv1_couv1-213x300.jpg\" alt=\"\" width=\"121\" height=\"171\" align=\"top\" srcset=\"https:\/\/romans.charrazac.fr\/wordpress\/wp-content\/uploads\/2014\/05\/ladqv1_couv1-213x300.jpg 213w, https:\/\/romans.charrazac.fr\/wordpress\/wp-content\/uploads\/2014\/05\/ladqv1_couv1-727x1024.jpg 727w, https:\/\/romans.charrazac.fr\/wordpress\/wp-content\/uploads\/2014\/05\/ladqv1_couv1.jpg 767w\" sizes=\"auto, (max-width: 121px) 100vw, 121px\" \/><\/a><strong>L&rsquo;ARCH\u00c8RE DES QUATRE VALL\u00c9ES<br \/>\n<\/strong>\u00ab\u00a0LES LOUPS DU VANAHEIM\u00a0\u00bb<br \/>\nune histoire librement inspir\u00e9 de <em>l&rsquo;\u00e2ge hyborien<\/em> de R.E. Howard<br \/>\n<em>358 pages<\/em><br \/>\n<em>Format poche &#8211; 176 x 108 mm<br \/>\n<\/em>\u00c9dition corrig\u00e9e \u00a9 2013<br \/>\n<a title=\"MONDE DE CONAN : L\u2019ARCH\u00c8RE DES QUATRE VALL\u00c9ES : LES LOUPS DU VANAHEIM\" href=\"https:\/\/romans.charrazac.fr\/wordpress\/?page_id=69\">d\u00e9tails<\/a><\/p>\n<p><a href=\"https:\/\/romans.charrazac.fr\/wordpress\/?page_id=101\"><img loading=\"lazy\" decoding=\"async\" class=\"alignleft wp-image-98\" title=\"La Trahison\" src=\"https:\/\/romans.charrazac.fr\/wordpress\/wp-content\/uploads\/2013\/06\/pcln1_couv1-211x300.jpg\" alt=\"\" width=\"120\" height=\"171\" align=\"top\" srcset=\"https:\/\/romans.charrazac.fr\/wordpress\/wp-content\/uploads\/2013\/06\/pcln1_couv1-211x300.jpg 211w, https:\/\/romans.charrazac.fr\/wordpress\/wp-content\/uploads\/2013\/06\/pcln1_couv1-721x1024.jpg 721w, https:\/\/romans.charrazac.fr\/wordpress\/wp-content\/uploads\/2013\/06\/pcln1_couv1.jpg 1500w\" sizes=\"auto, (max-width: 120px) 100vw, 120px\" \/><\/a><strong>PURE COMME LA NEIGE<\/strong><br \/>\n\u00ab\u00a0LA TRAHISON\u00a0\u00bb<\/p>\n<p>300 pages<br \/>\n<em>Format A5 &#8211; 210 x 148 mm <\/em><\/p>\n<p><a title=\"PURE COMME LA NEIGE : LA TRAHISON\" href=\"https:\/\/romans.charrazac.fr\/wordpress\/?page_id=101\">d\u00e9tails<\/a><\/p>\n<p style=\"text-align: center;\"><a title=\" Site d\u00e9pos\u00e9 sur CopyrightFrance.com \" href=\"http:\/\/www.copyrightfrance.com\/certificat-depot-copyright-france-C3831E1.htm\" target=\"_blank\" rel=\"noopener noreferrer\"><img decoding=\"async\" class=\"aligncenter\" src=\"..\/images\/C3831E1-1.gif\" alt=\" CopyrightFrance.com \" border=\"0\" \/><\/a><\/p>\n","protected":false},"excerpt":{"rendered":"<p>ET SI&#8230; VOUS POUVIEZ ? Roman fantastique d&rsquo;anticipation INDISPONIBLE \u00c0 LA VENTE POUR LE MOMENT d\u00e9tails CATALOGUE GRATUIT STAR WARS : LES AVENTURES D&rsquo;UNE JEUNE JEDI Tome 1 : \u00ab\u00a0LE CERCLE SOMBRE\u00a0\u00bb 438 pages Format A5 (\u00e9q. 670 pages format &hellip; <a href=\"https:\/\/romans.charrazac.fr\/wordpress\/\">Continuer la lecture <span class=\"meta-nav\">&rarr;<\/span><\/a><\/p>\n","protected":false},"author":1,"featured_media":450,"parent":0,"menu_order":1,"comment_status":"closed","ping_status":"open","template":"","meta":{"footnotes":""},"class_list":["post-4","page","type-page","status-publish","has-post-thumbnail","hentry"],"_links":{"self":[{"href":"https:\/\/romans.charrazac.fr\/wordpress\/wp-json\/wp\/v2\/pages\/4","targetHints":{"allow":["GET"]}}],"collection":[{"href":"https:\/\/romans.charrazac.fr\/wordpress\/wp-json\/wp\/v2\/pages"}],"about":[{"href":"https:\/\/romans.charrazac.fr\/wordpress\/wp-json\/wp\/v2\/types\/page"}],"author":[{"embeddable":true,"href":"https:\/\/romans.charrazac.fr\/wordpress\/wp-json\/wp\/v2\/users\/1"}],"replies":[{"embeddable":true,"href":"https:\/\/romans.charrazac.fr\/wordpress\/wp-json\/wp\/v2\/comments?post=4"}],"version-history":[{"count":166,"href":"https:\/\/romans.charrazac.fr\/wordpress\/wp-json\/wp\/v2\/pages\/4\/revisions"}],"predecessor-version":[{"id":583,"href":"https:\/\/romans.charrazac.fr\/wordpress\/wp-json\/wp\/v2\/pages\/4\/revisions\/583"}],"wp:featuredmedia":[{"embeddable":true,"href":"https:\/\/romans.charrazac.fr\/wordpress\/wp-json\/wp\/v2\/media\/450"}],"wp:attachment":[{"href":"https:\/\/romans.charrazac.fr\/wordpress\/wp-json\/wp\/v2\/media?parent=4"}],"curies":[{"name":"wp","href":"https:\/\/api.w.org\/{rel}","templated":true}]}}