{"id":58,"date":"2013-06-09T20:53:00","date_gmt":"2013-06-09T18:53:00","guid":{"rendered":"http:\/\/romans.charrazac.fr\/wordpress\/?page_id=58"},"modified":"2025-05-16T19:11:09","modified_gmt":"2025-05-16T18:11:09","slug":"star-wars-les-aventures-dune-jeune-jedi-tome-2-leau-de-loubli","status":"publish","type":"page","link":"https:\/\/romans.charrazac.fr\/wordpress\/star-wars-les-aventures-dune-jeune-jedi-tome-2-leau-de-loubli\/","title":{"rendered":"STAR WARS &#8211; LES AVENTURES D&rsquo;UNE JEUNE JEDI &#8211; TOME 2 : L&rsquo;EAU DE L&rsquo;OUBLI"},"content":{"rendered":"<p style=\"text-align: justify;\"><a href=\"https:\/\/romans.charrazac.fr\/wordpress\/wp-content\/uploads\/2013\/06\/ladjj2_couv1.jpg\" target=\"_blank\" rel=\"noopener noreferrer\"><img loading=\"lazy\" decoding=\"async\" class=\" wp-image-13 alignleft\" src=\"https:\/\/romans.charrazac.fr\/wordpress\/wp-content\/uploads\/2013\/06\/ladjj2_couv1_s.jpg\" alt=\"ladjj2_couv1_s\" width=\"191\" height=\"270\" \/><\/a><a href=\"https:\/\/romans.charrazac.fr\/wordpress\/wp-content\/uploads\/2015\/06\/ladjj2_couv2.jpg\" target=\"_blank\" rel=\"noopener noreferrer\"><img loading=\"lazy\" decoding=\"async\" class=\"alignright wp-image-355\" src=\"https:\/\/romans.charrazac.fr\/wordpress\/wp-content\/uploads\/2015\/06\/ladjj2_couv2-213x300.jpg\" alt=\"ladjj2_couv2\" width=\"190\" height=\"269\" srcset=\"https:\/\/romans.charrazac.fr\/wordpress\/wp-content\/uploads\/2015\/06\/ladjj2_couv2-213x300.jpg 213w, https:\/\/romans.charrazac.fr\/wordpress\/wp-content\/uploads\/2015\/06\/ladjj2_couv2-726x1024.jpg 726w, https:\/\/romans.charrazac.fr\/wordpress\/wp-content\/uploads\/2015\/06\/ladjj2_couv2.jpg 1584w\" sizes=\"auto, (max-width: 190px) 100vw, 190px\" \/><\/a><em>Quelle est cette plan\u00e8te perdue au-del\u00e0 de la galaxie et dissimul\u00e9e aux yeux de tous par une immense n\u00e9buleuse ?<br \/>\nQuel secret renferme-t-elle pour qu&rsquo;un \u00e9trange magicien complote contre le roi d&rsquo;\u00c9d\u00e9na afin d&rsquo;en d\u00e9couvrir \u00e0 n&rsquo;importe quel prix la v\u00e9ritable nature ?<br \/>\nC&rsquo;est sur cette plan\u00e8te que la jeune Padawan Isil Kal&rsquo;Andil va se retrouver perdue apr\u00e8s une grave avarie de son vaisseau cons\u00e9cutive \u00e0 une bataille contre les forces de l&rsquo;Empire. Ses amis qui la cherchent partout dans la galaxie parviendront-ils \u00e0 la retrouver ? Et m\u00eame s&rsquo;ils y parviennent, sera-t-elle encore elle-m\u00eame \u00e0 ce moment-l\u00e0 ?<\/em><\/p>\n<p style=\"text-align: justify;\">Une aventure \u00e0 la limite de la galaxie de Star Wars qui nous r\u00e9serve bien des surprises dans un monde encore inexplor\u00e9 par les adversaires historiques que sont l&rsquo;Empire Sith et l&rsquo;Ancienne R\u00e9publique Galactique. Une histoire de c\u0153ur, d&rsquo;amiti\u00e9, de rivalit\u00e9, de complots et de myst\u00e8res dans laquelle la v\u00e9rit\u00e9 n&rsquo;est jamais celle qu&rsquo;on croit avoir trouv\u00e9e.<\/p>\n<p><em>Achev\u00e9 d&rsquo;\u00e9crire le 5 janvier 2014<\/em><\/p>\n<table>\n<tbody>\n<tr>\n<td valign=\"top\">Format PDF<\/td>\n<td>Format EPUB<\/td>\n<\/tr>\n<tr>\n<td><div class='w3eden'><!-- WPDM Link Template: Default Template with Download Count -->\n\n\n<div class=\"wpdm-link-tpl link-btn [color]\" data-durl=\"https:\/\/romans.charrazac.fr\/wordpress\/download\/ladjj2-pdf\/?wpdmdl=282&refresh=69eb708da00451777037453\" >\n    <div class=\"media\">\n        <div class=\"pull-left\"><img decoding=\"async\" class=\"wpdm_icon\" alt=\"Ic\u00f4ne\" src=\"https:\/\/romans.charrazac.fr\/wordpress\/wp-content\/plugins\/download-manager\/assets\/file-type-icons\/pdf.svg\" \/><\/div>\n        <div class=\"media-body\"><strong class=\"ptitle\">ladjj2.pdf <span class=\"label label-default\" style=\"font-weight: 400;\">878 t\u00e9l\u00e9chargements<\/span>&nbsp;<span class=\"label label-default\" style=\"font-weight: 400;\">4.23 MB<\/span><\/strong>\n            <div><strong><a class='wpdm-download-link download-on-click btn btn-primary ' rel='nofollow' href='#' data-downloadurl=\"https:\/\/romans.charrazac.fr\/wordpress\/download\/ladjj2-pdf\/?wpdmdl=282&refresh=69eb708da00451777037453\">Download<\/a><\/strong><\/div>\n        <\/div>\n    <\/div>\n<\/div>\n<div style=\"clear: both\"><\/div>\n<\/div><\/td>\n<td><div class='w3eden'><!-- WPDM Link Template: Default Template with Download Count -->\n\n\n<div class=\"wpdm-link-tpl link-btn [color]\" data-durl=\"https:\/\/romans.charrazac.fr\/wordpress\/download\/ladjj2-epub\/?wpdmdl=283&refresh=69eb708da14181777037453\" >\n    <div class=\"media\">\n        <div class=\"pull-left\"><img decoding=\"async\" class=\"wpdm_icon\" alt=\"Ic\u00f4ne\" src=\"data:image\/svg+xml;base64,CiAgICAgICAgICAgIDxzdmcgeG1sbnM9Imh0dHA6Ly93d3cudzMub3JnLzIwMDAvc3ZnIiB2aWV3Qm94PSIwIDAgNDAgNDAiPgogICAgICAgICAgICAgICAgPGRlZnM+CiAgICAgICAgICAgICAgICAgICAgPGxpbmVhckdyYWRpZW50IGlkPSJncmFkaWVudCIgeDE9IjAiIHkxPSIwIiB4Mj0iMCIgeTI9IjEiPgogICAgICAgICAgICAgICAgICAgICAgICA8c3RvcCBzdG9wLWNvbG9yPSIjMjY5ZGVmIiBvZmZzZXQ9IjAiLz4KICAgICAgICAgICAgICAgICAgICAgICAgPHN0b3Agc3RvcC1jb2xvcj0iIzI2YmRlZiIgb2Zmc2V0PSIxIi8+CiAgICAgICAgICAgICAgICAgICAgPC9saW5lYXJHcmFkaWVudD4KICAgICAgICAgICAgICAgIDwvZGVmcz4KICAgICAgICAgICAgICAgIDxnPgogICAgICAgICAgICAgICAgICAgIDxyZWN0IGZpbGw9InVybCgjZ3JhZGllbnQpIiB4PSIwIiB5PSIwIiB3aWR0aD0iNDAiIGhlaWdodD0iNDAiIHJ4PSIzIiByeT0iMyIvPgogICAgICAgICAgICAgICAgICAgIDx0ZXh0IHg9IjUiIHk9IjE5IiBmb250LWZhbWlseT0iQXJpYWwsIEhlbHZldGljYSwgc2Fucy1zZXJpZiIgZm9udC1zaXplPSIxM3B4IiBsZXR0ZXItc3BhY2luZz0iMSIgZmlsbD0iI0ZGRkZGRiI+CiAgICAgICAgICAgICAgICAgICAgICAgIDx0c3Bhbj5FUFU8L3RzcGFuPgogICAgICAgICAgICAgICAgICAgICAgICA8dHNwYW4geD0iNiIgeT0iMjgiPl88L3RzcGFuPgogICAgICAgICAgICAgICAgICAgIDwvdGV4dD4KICAgICAgICAgICAgICAgIDwvZz4KICAgICAgICAgICAgPC9zdmc+CgoJCQk=\" \/><\/div>\n        <div class=\"media-body\"><strong class=\"ptitle\">ladjj2.epub <span class=\"label label-default\" style=\"font-weight: 400;\">505 t\u00e9l\u00e9chargements<\/span>&nbsp;<span class=\"label label-default\" style=\"font-weight: 400;\">2.04 MB<\/span><\/strong>\n            <div><strong><a class='wpdm-download-link download-on-click btn btn-primary ' rel='nofollow' href='#' data-downloadurl=\"https:\/\/romans.charrazac.fr\/wordpress\/download\/ladjj2-epub\/?wpdmdl=283&refresh=69eb708da14181777037453\">Download<\/a><\/strong><\/div>\n        <\/div>\n    <\/div>\n<\/div>\n<div style=\"clear: both\"><\/div>\n<\/div><\/td>\n<\/tr>\n<\/tbody>\n<\/table>\n<p style=\"text-align: center;\">1e partie sur CALAMEO<br \/>\n<div style=\"text-align: center; width:300px; margin: 12px auto;\"><div style=\"margin: 4px 0px;\"><a href=\"http:\/\/calameo.com\/books\/00223914967c56e697d96\">View this publication on Calam&eacute;o<\/a><\/div><iframe loading=\"lazy\" src=\"\/\/v.calameo.com\/?bkcode=00223914967c56e697d96&amp;language=fr&amp;page=&amp;showsharemenu=true\" width=\"300\" height=\"194\" style=\"width:300px;height:194px\" frameborder=\"0\" scrolling=\"no\" allowtransparency allowfullscreen><\/iframe><div style=\"margin: 4px 0px; font-size: 90%;\"><a rel=\"nofollow\" href=\"http:\/\/calameo.com\/upload\">Publish<\/a> at <a href=\"http:\/\/calameo.com\">Calam&eacute;o<\/a> or <a href=\"http:\/\/calameo.com\/browse\/weekly\/?o=7&amp;w=DESC\">browse<\/a> the library.<\/div><\/div><\/p>\n<p style=\"text-align: center;\">2e partie sur CALAMEO<br \/>\n<div style=\"text-align: center; width:300px; margin: 12px auto;\"><div style=\"margin: 4px 0px;\"><a href=\"http:\/\/calameo.com\/books\/002239149408545251670\">View this publication on Calam&eacute;o<\/a><\/div><iframe loading=\"lazy\" src=\"\/\/v.calameo.com\/?bkcode=002239149408545251670&amp;language=fr&amp;page=&amp;showsharemenu=true\" width=\"300\" height=\"194\" style=\"width:300px;height:194px\" frameborder=\"0\" scrolling=\"no\" allowtransparency allowfullscreen><\/iframe><div style=\"margin: 4px 0px; font-size: 90%;\"><a rel=\"nofollow\" href=\"http:\/\/calameo.com\/upload\">Publish<\/a> at <a href=\"http:\/\/calameo.com\">Calam&eacute;o<\/a> or <a href=\"http:\/\/calameo.com\/browse\/weekly\/?o=7&amp;w=DESC\">browse<\/a> the library.<\/div><\/div><\/p>\n<p style=\"text-align: center;\"><span style=\"color: #ff00ff;\">Si vous avez lu ce roman, merci d&rsquo;avoir la sympathie de laisser vos impressions en commentaire pour dire \u00e0 l&rsquo;auteur comment vous l&rsquo;avez trouv\u00e9.<br \/>\n<span style=\"color: #000000;\">Vous pouvez aussi venir en discuter, ou simplement laisser votre avis,<\/span><br \/>\n<span style=\"color: #000000;\"><a title=\"sur les forums de Starwars Universe\" href=\"http:\/\/www.starwars-universe.com\/forum\/post629704.html#p629704\" target=\"_blank\" rel=\"noopener noreferrer\"><span style=\"color: #000000;\">sur les forums de Starwars Universe<\/span><\/a><\/span><br \/>\n<\/span><\/p>\n<p style=\"text-align: justify;\">Extrait du chapitre 7 : \u00ab\u00a0Prisonni\u00e8re des Kiathes\u00a0\u00bb<\/p>\n<p style=\"text-align: justify;\">\u00ab\u00a0La caravane arriva ainsi dans un petit cirque apparemment sans issue o\u00f9 les parois rocheuses culminaient \u00e0 pr\u00e8s de deux cents m\u00e8tres. Au fond de cet amphith\u00e9\u00e2tre naturel, de grandes cascades d\u00e9valaient des hauteurs en plusieurs paliers pour former un torrent qui se jetait dans un plan d&rsquo;eau au centre du d\u00e9cor. La v\u00e9g\u00e9tation \u00e9tait dense, les buissons nombreux et de larges taches de verdure s&rsquo;\u00e9tendaient autour du petit lac aux rives rocailleuses bord\u00e9es d&rsquo;arbres qui donnaient \u00e0 cet endroit un petit air de paradis. Il ne s&rsquo;en fallait que de la triste situation dans laquelle les captifs se trouvaient.<\/p>\n<p style=\"text-align: justify;\">Examinant les lieux, Iella remarqua les ouvertures qui per\u00e7aient la paroi lisse de l&rsquo;escarpement. Elles \u00e9taient nombreuses et \u00e9voquaient des fen\u00eatres inaccessibles, du moins depuis l&rsquo;ext\u00e9rieur. Au fond du cirque, au pied des falaises, on devinait des entr\u00e9es de cavernes profondes et hautes. C&rsquo;est dans l&rsquo;une d&rsquo;elles que le cort\u00e8ge s&rsquo;enfon\u00e7a puis s&rsquo;arr\u00eata. Certains bandits d\u00e9tach\u00e8rent les b\u00eates d\u2019attelage et les conduisirent, avec leurs montures, dans des enclos pr\u00e9vus \u00e0 cet effet dans une autre grotte adjacente cependant que les autres faisaient sortir les prisonniers sous la menace de leurs armes.<br \/>\n\u2014 Allez, dehors, et grouillez-vous un peu !<\/p>\n<p style=\"text-align: justify;\">Un Kiathe leva son fouet et le fit claquer au milieu d&rsquo;un groupe d&rsquo;adolescents qui se serr\u00e8rent les uns contre les autres en tremblant. Iella regarda tout autour d&rsquo;elle \u00e0 la recherche d&rsquo;un acc\u00e8s vers les trou\u00e9es qu&rsquo;elle avait aper\u00e7ues un moment auparavant \u00e0 flan de falaise mais ne put en d\u00e9celer aucun. Peut-\u00eatre ces ouvertures \u00e9taient-elles naturelles et ne d\u00e9bouchaient-elles sur rien de pr\u00e9cis ?<\/p>\n<p style=\"text-align: justify;\">Elle en \u00e9tait l\u00e0 de ses r\u00e9flexions, quand des bruits de grincements et de v\u00e9rins firent \u00e9cho dans la grotte. Levant les yeux, Iella aper\u00e7ut plusieurs grandes plateformes qui descendaient du plafond de la caverne, retenues chacune par quatre tiges rigides t\u00e9lescopiques. Lorsqu&rsquo;elles eurent touch\u00e9 le sol, les gardes-chiourme pouss\u00e8rent les captifs dessus. Puis, quand tous les prisonniers furent rassembl\u00e9s, elles remont\u00e8rent lentement comme pour les avaler dans la falaise.<\/p>\n<p style=\"text-align: justify;\">Ils d\u00e9bouch\u00e8rent dans un grand couloir humide creus\u00e9 \u00e0 m\u00eame la roche, \u00e9clair\u00e9 par une lumi\u00e8re vacillante qui fit penser \u00e0 Iella que l&rsquo;\u00e9nergie devait \u00eatre fournie par la force motrice des chutes d&rsquo;eau.<br \/>\n\u2014 Avancez ! ordonna un gardien en jouant du fouet.<\/p>\n<p style=\"text-align: justify;\">Une jeune fille touch\u00e9e \u00e0 l&rsquo;\u00e9paule par la lani\u00e8re vacilla en g\u00e9missant et Iella dut la prendre sous une aisselle pour l&#8217;emp\u00eacher de tomber.<br \/>\n\u2014 Viens, dit-elle, appuie-toi sur moi.<\/p>\n<p style=\"text-align: justify;\">L&rsquo;adolescente lui adressa un regard de gratitude en esquissant un faible sourire.<br \/>\n\u2014 Tournez \u00e0 gauche, lan\u00e7a un autre garde qui leur barrait \u00e0 pr\u00e9sent le chemin pour les orienter vers un autre passage plus \u00e9troit.<\/p>\n<p style=\"text-align: justify;\">Ils arriv\u00e8rent ainsi dans une caverne ferm\u00e9e par une large grille de fer dont les portes \u00e9taient ouvertes. Lentement, comme des agneaux qui vont \u00e0 l&rsquo;abattoir, ils y entr\u00e8rent puis les lourdes grilles se referm\u00e8rent sur eux dans un grand bruit sinistre, et les gardes s&rsquo;en all\u00e8rent.<br \/>\nDans un coin de la caverne, un trou b\u00e9ant jetait son \u0153il noir sur les lieux. On n&rsquo;en voyait pas le fond. Les prisonniers s&rsquo;install\u00e8rent de leur mieux sur de petits gradins naturels form\u00e9s par la roche et le silence retomba sur eux comme un linceul.<br \/>\nAlors, pour la premi\u00e8re fois depuis leur d\u00e9part, nombre de captifs se laiss\u00e8rent aller \u00e0 leur d\u00e9sespoir et se mirent \u00e0 pleurer, \u00e0 geindre et \u00e0 crier leur douleur et leur peur.<\/p>\n<p style=\"text-align: justify;\">Quelques heures plus tard, plusieurs bandits revinrent et, alors que quatre d&rsquo;entre eux se postaient \u00e0 l&rsquo;entr\u00e9e de la prison, les trois autres entr\u00e8rent et commenc\u00e8rent \u00e0 d\u00e9visager les captifs, les uns apr\u00e8s les autres. Le regard baiss\u00e9, personne n&rsquo;osait les regarder dans les yeux. Sagement, Iella imita ses compagnons de captivit\u00e9 et ferma ses paupi\u00e8res.<br \/>\n&#8211; Toi\u2026 toi\u2026 toi et toi\u2026 vous deux\u2026 entendait-on dans la grotte.<\/p>\n<p style=\"text-align: justify;\">Une \u00e0 une, les prisonni\u00e8res d\u00e9sign\u00e9es se lev\u00e8rent et pass\u00e8rent comme on le leur indiquait de l&rsquo;autre c\u00f4t\u00e9 des grilles, t\u00eate basse.<br \/>\nSur l&rsquo;un des gradins, une jeune fille aux longs cheveux bruns \u00e9tait allong\u00e9e, sa t\u00eate sur les cuisses de Iella. Le front perl\u00e9 de gouttes de sueur, elle avait une forte fi\u00e8vre et tremblait de tous ses membres. Un garde s&rsquo;arr\u00eata devant elle, bien camp\u00e9 sur ses jambes \u00e9cart\u00e9es. Du bout du pied, il poussa le flanc de la malade.<br \/>\n\u2014 Toi, l\u00e8ve-toi !<\/p>\n<p style=\"text-align: justify;\">Comme l&rsquo;adolescente g\u00e9missait sans bouger, il lui ass\u00e9na un coup de pied plus fort qui lui arracha une plainte.<br \/>\n\u2014 L\u00e8ve-toi je t&rsquo;ai dit !<\/p>\n<p style=\"text-align: justify;\">Iella n&rsquo;y tenant plus, leva ses yeux d\u2019acier vers l&rsquo;homme et lui lan\u00e7a les dents serr\u00e9es.<br \/>\n\u2014 Vous ne voyez donc pas qu&rsquo;elle est malade ? Laissez-l\u00e0 tranquille ! J&rsquo;irai \u00e0 sa place !<br \/>\n\u2014 Malade ? Tu en es s\u00fbre ?<br \/>\n\u2014 Vous voyez-bien qu&rsquo;elle a de la fi\u00e8vre. Il faut la soigner, sinon elle risque de mourir.<\/p>\n<p style=\"text-align: justify;\">L&rsquo;homme ricana et regarda l\u2019un de ses complices plus loin.<br \/>\n\u2014 Hey, Juar, t&rsquo;aurais pas un docteur sous la main par hasard ?<\/p>\n<p style=\"text-align: justify;\">L&rsquo;autre railla \u00e0 son tour en retournant ses mains plusieurs fois.<br \/>\n\u2014 Non, Arga, j&rsquo;ai pas \u00e7a en magasin, pourquoi ?<br \/>\n\u2014 Y&rsquo;a une petite qui est malade.<br \/>\n\u2014 Malade ? Tu sais que le capitaine d\u00e9teste voir la marchandise g\u00e2ch\u00e9e, apr\u00e8s elle n&rsquo;a plus de valeur. Que veux-tu qu&rsquo;il tire d&rsquo;une fille malade ? Faut faire quelque chose pour elle, Arga.<br \/>\n\u2014 Je crois que t&rsquo;as bien raison, Juar. Cette petite ne m\u00e9rite pas de souffrir.<\/p>\n<p style=\"text-align: justify;\">Il se pencha et enleva la fille dans ses bras sans aucun effort apparent. Iella se dit qu&rsquo;apr\u00e8s tout, si ces hommes voulaient les vendre au meilleur prix, ils se devaient de conserver leur \u00ab\u00a0marchandise\u00a0\u00bb en bon \u00e9tat. Et leur marchandise, c&rsquo;\u00e9taient eux !<br \/>\nLe Kiathe approcha sa t\u00eate de celle de la jeune fille brune et lui souffla.<br \/>\n\u2014 Ne t&rsquo;en fais pas, ma belle, on va r\u00e9soudre ton petit probl\u00e8me.<\/p>\n<p style=\"text-align: justify;\">Tout en parlant, il s&rsquo;\u00e9tait approch\u00e9 du trou qui s&rsquo;ouvrait au ras du sol. Lorsqu&rsquo;il fut tout au bord, il y laissa tomber l&rsquo;adolescente. Plusieurs cris accompagn\u00e8rent le hurlement de terreur de la pauvre victime, qui s&rsquo;estompa progressivement, tr\u00e8s lentement, comme aval\u00e9 par un puits sans fin. Le gouffre \u00e9tait si profond, qu&rsquo;on n&rsquo;entendit m\u00eame pas le bruit du corps s&rsquo;\u00e9crasant au fond. Un silence de plomb succ\u00e9da \u00e0 la sc\u00e8ne. Puis certains prisonniers craqu\u00e8rent et commenc\u00e8rent \u00e0 pleurer \u00e0 chaudes larmes. La brute revint vers Iella.<br \/>\n\u2014 Tu vois, elle souffre plus maintenant. Allez, l\u00e8ve-toi et viens, tu vas la remplacer avantageusement.<\/p>\n<p style=\"text-align: justify;\">Lorsque elle eut rejoint les autres jeunes filles qui attendaient \u00e0 l&rsquo;entr\u00e9e de la grotte, les lourdes grilles se referm\u00e8rent sur ceux qui restaient.\u00a0\u00bb<\/p>\n<p><a title=\" Site d\u00e9pos\u00e9 sur CopyrightFrance.com \" href=\"http:\/\/www.copyrightfrance.com\/certificat-depot-copyright-france-C3831E1.htm\" target=\"_blank\" rel=\"noopener noreferrer\"><img decoding=\"async\" class=\"aligncenter\" src=\"..\/images\/C3831E1-1.gif\" alt=\" CopyrightFrance.com \" border=\"0\" \/><\/a><\/p>\n","protected":false},"excerpt":{"rendered":"<p>Quelle est cette plan\u00e8te perdue au-del\u00e0 de la galaxie et dissimul\u00e9e aux yeux de tous par une immense n\u00e9buleuse ? Quel secret renferme-t-elle pour qu&rsquo;un \u00e9trange magicien complote contre le roi d&rsquo;\u00c9d\u00e9na afin d&rsquo;en d\u00e9couvrir \u00e0 n&rsquo;importe quel prix la &hellip; <a href=\"https:\/\/romans.charrazac.fr\/wordpress\/star-wars-les-aventures-dune-jeune-jedi-tome-2-leau-de-loubli\/\">Continuer la lecture <span class=\"meta-nav\">&rarr;<\/span><\/a><\/p>\n","protected":false},"author":1,"featured_media":0,"parent":0,"menu_order":6,"comment_status":"open","ping_status":"open","template":"","meta":{"footnotes":""},"class_list":["post-58","page","type-page","status-publish","hentry"],"_links":{"self":[{"href":"https:\/\/romans.charrazac.fr\/wordpress\/wp-json\/wp\/v2\/pages\/58","targetHints":{"allow":["GET"]}}],"collection":[{"href":"https:\/\/romans.charrazac.fr\/wordpress\/wp-json\/wp\/v2\/pages"}],"about":[{"href":"https:\/\/romans.charrazac.fr\/wordpress\/wp-json\/wp\/v2\/types\/page"}],"author":[{"embeddable":true,"href":"https:\/\/romans.charrazac.fr\/wordpress\/wp-json\/wp\/v2\/users\/1"}],"replies":[{"embeddable":true,"href":"https:\/\/romans.charrazac.fr\/wordpress\/wp-json\/wp\/v2\/comments?post=58"}],"version-history":[{"count":35,"href":"https:\/\/romans.charrazac.fr\/wordpress\/wp-json\/wp\/v2\/pages\/58\/revisions"}],"predecessor-version":[{"id":586,"href":"https:\/\/romans.charrazac.fr\/wordpress\/wp-json\/wp\/v2\/pages\/58\/revisions\/586"}],"wp:attachment":[{"href":"https:\/\/romans.charrazac.fr\/wordpress\/wp-json\/wp\/v2\/media?parent=58"}],"curies":[{"name":"wp","href":"https:\/\/api.w.org\/{rel}","templated":true}]}}